5 + -6. What are the prime factors of m?
29
Let l(j) = 2*j**2 + 7*j + 6. List the prime factors of l(-4).
2, 5
Let v(p) = -p**3 + p + 6. Suppose 2*q = -2*o, o + 2*q = 5*q. What are the prime factors of v(o)?
2, 3
Let k be 135/10 - 3/(-6). Suppose 0 = 2*i - 6 - k. List the prime factors of i.
2, 5
What are the prime factors of 149/2 - (-1)/(-2)?
2, 37
Suppose 2*n + 7 = 6*m - 5*m, 2*m = -n + 29. Suppose m*k - 10*k - 75 = 0. List the prime factors of k.
5
Let n be 18/(-8)*8/(-3). List the prime factors of 4/12 - (-34)/n.
2, 3
Let x(z) be the first derivative of 2*z**3/3 + 2*z**2 + 4*z - 3. Let y = 1 - 4. What are the prime factors of x(y)?
2, 5
Let j(q) = 3*q**3 + q**2 + 3*q - 3. Let i be j(2). Suppose 0*h - i = -h. What are the prime factors of h?
31
Suppose -12*t = -11*t - 40. What are the prime factors of t?
2, 5
Let t(n) = -n**3 - 8*n**2 - 4*n + 11. What are the prime factors of t(-8)?
43
Suppose 4 = f - 6. Let u = f + -5. What are the prime factors of u?
5
Let i = -2 - 1. Let w be (1/i)/((-3)/27). Suppose 2*u = -a - 4*a + 20, 0 = 5*u + w*a - 50. What are the prime factors of u?
2, 5
Suppose 8 = u - 6. What are the prime factors of u?
2, 7
List the prime factors of (-20 - 0)*(2 + (-45)/10).
2, 5
Let p(b) = -4*b + 7. List the prime factors of p(-7).
5, 7
Let k(s) = 2*s**2 - 5*s + 11. What are the prime factors of k(5)?
2, 3
Suppose j + 4*j = 45. Suppose -j + 49 = 2*c. Let y = 35 - c. List the prime factors of y.
3, 5
Suppose 4*x + l = 135, -2*l - l - 57 = -2*x. What are the prime factors of x?
3, 11
Suppose -3 = -2*x + x - y, -4*x = -4*y + 12. Suppose -4*u + 3 + 13 = x. Let m(b) = 3*b - 2. What are the prime factors of m(u)?
2, 5
List the prime factors of (1/(-2))/((-2)/1140 + 0).
3, 5, 19
What are the prime factors of 486/8 + ((-4)/1)/(-16)?
61
Suppose 1243 = 2*t + 397. What are the prime factors of t?
3, 47
Let y = 6 - 6. Suppose y = -5*l + 73 - 28. List the prime factors of l.
3
List the prime factors of ((-174)/(-9))/((-6)/(-9)).
29
Let f be ((-2)/(-4))/((-4)/(-56)). Suppose 3*v - f*v + 16 = 0. Suppose v*u = -u + 45. What are the prime factors of u?
3
Let f = 43 - 18. List the prime factors of f.
5
Suppose 0 = 7*i - 924 + 7. List the prime factors of i.
131
What are the prime factors of (4/(-12))/((-2)/6)*107?
107
Suppose -70 = -3*c + 2. List the prime factors of c.
2, 3
Let n = -8 + 24. What are the prime factors of (-34)/(-8) - 4/n?
2
Let d = -105 - -136. List the prime factors of d.
31
Let z(w) = 2*w**3 - 4*w**2 + 4*w - 3. Let t = -2 - -4. List the prime factors of z(t).
5
List the prime factors of (0 + 2)/(-1 - (-525)/520).
2, 13
Let q be (6/(-4))/(2/8). Let o = 9 + q. What are the prime factors of o?
3
Suppose 0 = 5*x - s + 18, 2*x + 3*s = 2 + 1. Let n = x - -4. Let f = n + 1. List the prime factors of f.
2
Let r = -6 - -7. Let x be 4/8*r*6. Suppose x*i - 12 = -0*i. What are the prime factors of i?
2
Let s(d) = d**3 - 11*d**2 + d + 15. List the prime factors of s(11).
2, 13
List the prime factors of ((-7)/(-4))/(3/48).
2, 7
Suppose 0 = -2*o + 3*l - 0*l + 9, -5*l = 5*o - 35. Suppose -3*f + o = -0*f. Let z = f - -4. List the prime factors of z.
2, 3
Let s be (-334)/(-4) + (-3)/6. Suppose -y - 4*x + s = 2*y, 0 = 3*y + x - 86. List the prime factors of y.
29
Let k be (-45)/35 + (-4)/(-14). What are the prime factors of (1 + -2)*k*15?
3, 5
Suppose 0*o + 2 = o. Let t(u) = -4*u**3 - 7 + 3*u**3 + 4 - u**o + u. List the prime factors of t(-3).
2, 3
What are the prime factors of (-430)/(-8) - 6/(-24)?
2, 3
Let y(c) = c**2 + 4*c - 2. Let m be y(-6). Let t(l) = 2*l - 8. What are the prime factors of t(m)?
2, 3
Let a(p) = p**3 + 4*p**2 + 3*p - 3. Let w be a(-3). Let b = w - -3. Suppose -5*x + 3*x + 12 = b. What are the prime factors of x?
2, 3
Let l = -2 - -2. Let h(p) be the first derivative of p**4/4 + p**3/3 - p**2/2 + 10*p + 2. What are the prime factors of h(l)?
2, 5
Let o(z) = 9*z**2 + 3 + 7*z**3 - 6*z**3 + 8*z + 0. List the prime factors of o(-8).
3
Let q = -23 + 14. Let j(o) = o**2 + 7*o - 4. List the prime factors of j(q).
2, 7
Let y be (-8)/(-20) - (-4)/(-10). Suppose 3 - 1 = n. List the prime factors of (n + 0)*(y - -4).
2
Suppose 5*f = y + 13, -2*f + 22 = 5*y + 87. Let s = 16 + y. What are the prime factors of s?
3
Let v = 257 + -4. List the prime factors of v.
11, 23
Let f = 4 + -2. Suppose 0 = -f*c - 3*y + 20, c + 7 = 2*c + 3*y. List the prime factors of c.
13
Let f = 46 + 57. List the prime factors of f.
103
Let u = -2 - -1. List the prime factors of (0/(-3))/u - -9.
3
Suppose 0 = -2*i + 7*i - 145. List the prime factors of i.
29
Let o = 1 + 2. Suppose o*m - 5 = 4. Suppose -4*t + r = -2*t - 10, -4*r - 15 = -m*t. What are the prime factors of t?
5
Let w be ((-28)/12)/(2/(-6)). Suppose 4*b = -4, -g + 3 = b + w. Let m = 0 - g. List the prime factors of m.
3
Let d(b) = -b**3 - 17*b**2 + 15*b + 24. List the prime factors of d(-18).
2, 3, 13
Suppose 0 = -2*u + 3*k + 37, -3*k - 2*k + 85 = 4*u. Suppose 0*o + 16 = 4*o, 0 = -4*w + 2*o - u. What are the prime factors of 14/2 + (0 - w)?
2, 5
Let y be 7/1 + (12 - 14). Suppose -2*c - 122 = -y*d, -4*d - 3*c = -2*d - 64. List the prime factors of d.
2, 13
Let x(z) = 3*z + 1. Let s be x(-3). Let r(t) = -2*t + 0*t + t. List the prime factors of r(s).
2
Suppose b = 4*b - 105. Let n be 115/b + (-4)/14. Suppose -5*w + h = -57, n*w + 2*h = 14 + 15. List the prime factors of w.
11
Let h(k) = -k**2 - k - 31. Let i be h(0). Let d = -13 - i. List the prime factors of d.
2, 3
Suppose 3*g + 17 = 2*b, -5*g = 5*b - g - 8. What are the prime factors of b?
2
Let h be 624/6*6/4. Suppose -3*s + h = 3*x - 2*s, 2*x - 4*s - 118 = 0. Let z = x + -35. What are the prime factors of z?
2, 3
Let f be 4/(-14) - 80/14. Let t be (-1 - 0)/((-10)/80). Let c = f + t. What are the prime factors of c?
2
What are the prime factors of -2 - -48 - (-1 - 1)?
2, 3
Let r = -57 + 83. Suppose -4*p + t = -13, -3*t = -0*p + 2*p - 17. Suppose r = 2*d + p. List the prime factors of d.
11
Let u be (0 - -5) + 0 + -2. Suppose j + u*x - 19 = 0, -2*x + 0 = -j + 4. What are the prime factors of (j/(-1))/((-2)/4)?
2, 5
Let q(m) = -m**3 + 3*m**2 - m. Let v be q(2). Suppose -3*c - v*h = -32, -4*c + c = -4*h - 8. List the prime factors of c.
2
Let i(q) = -q**3 - 9*q**2 - 13*q - 9. Let v be i(-10). Suppose -3*l - 80 = -v. What are the prime factors of l?
47
Let t(o) = o**3 - 2*o**2 - 5*o + 4. Let z = 5 - -3. Suppose -2*p = -i - z, -2*p - 3*i + 0*i = -8. List the prime factors of t(p).
2
Suppose -o = -5 - 16. Suppose 0 = -5*y + 4*p + 82, -5*y - p + o = -46. List the prime factors of y.
2, 7
Let v = 169 + -45. What are the prime factors of v?
2, 31
Let i(j) = -j**2 - 13*j - 3. Let n be i(-9). Suppose 2*p - 5*p = -n. List the prime factors of p.
11
Let c = 193 + 215. What are the prime factors of c?
2, 3, 17
Let l be (5 - -2) + -9 + 6. Suppose -3*f - l*d + 124 = 0, 4*f - 42 = -4*d + 118. List the prime factors of f.
2, 3
Suppose 0 = 2*q + 2*n - 3 - 7, -20 = 2*q - 4*n. Suppose 3*s + s + 4*v = q, 3*v + 5 = 2*s. Let c = 4 + s. What are the prime factors of c?
5
Suppose k - 83 = -j, 215 = 3*k - j - 50. List the prime factors of k.
3, 29
Let v = -52 - -135. What are the prime factors of v?
83
Let w(f) = f**3 - 6*f**2 + 2*f - 9. List the prime factors of w(6).
3
Suppose -5*n + 11 = 1. Let s = 1 + n. What are the prime factors of s?
3
Let w(d) = d**3 - 5*d**2 - 6*d + 1. Let k be w(6). Let y(s) = -2*s**2 - 1. Let n be y(k). What are the prime factors of -3 - -5 - (0 + n)?
5
Let j(r) = r - 5. Let i be j(10). Let p = -1 + 2. Let c = p + i. List the prime factors of c.
2, 3
Suppose -35 = -10*w + 5*w. Let o(n) = n**2 - 7*n + 17. List the prime factors of o(w).
17
Suppose 219 = 5*g - 161. Suppose 2*b = -2*b + g. What are the prime factors of b?
19
Suppose 3*d = 4*d + 4*m - 17, -m = -2. List the prime factors of 2/6 + 204/d.
23
What are the prime factors of (35/(-20))/((-1)/24)?
2, 3, 7
Let n be (9/15)/((-1)/(-5)). Suppose -k + 0*k + n = 0, z = -k + 11. List the prime factors of z.
2
Suppose -7*t - 42 = -259. List the prime factors of t.
31
Let m = -127 + 239. What are the prime factors of m?
2, 7
Let u(g) = -g**2 - 13*g + 15. Let a be u(-14). Suppose h = 21 + a. List the prime factors of h.
2, 11
Suppose -d + 6*d = 5*r - 660, -4*r = 4*d - 504. What are the prime fac